7263 (base 9) to base 14.
-1d22
-322220 (base 4) to base 11
-2901
-56 (base 12) to base 3
-2110
What is -1e97 (base 15) in base 4?
-1220023
Convert -1101210 (base 4) to base 3.
-21011100
What is -1ea4 (base 16) in base 13?
-3755
11242 (base 5) to base 6
3450
Convert 3791 (base 10) to base 6.
25315
2d9 (base 14) to base 4
21013
Convert 21315 (base 6) to base 12.
183b
What is -3101231 (base 4) in base 9?
-20362
Convert 73056 (base 8) to base 14.
b050
What is -450314 (base 6) in base 15?
-b287
What is -347 (base 11) in base 16?
-19e
Convert 608 (base 9) to base 7.
1304
-100022 (base 3) to base 11
-209
-8082 (base 12) to base 5
-421142
What is -631 (base 12) in base 4?
-32011
Convert 612 (base 15) to base 11.
1033
What is 5435 (base 11) in base 2?
1110000001001
Convert -76625 (base 8) to base 15.
-97d4
What is -1000111001101 (base 2) in base 8?
-10715
201 (base 12) to base 4
10201
Convert 23036 (base 11) to base 2.
1000001000100010
122100 (base 3) to base 5
3333
-c40c (base 13) to base 7
-141604
What is -456 (base 10) in base 4?
-13020
1102112 (base 3) to base 5
13130
What is 307 (base 12) in base 16?
1b7
-1120201 (base 4) to base 15
-1a2a
-135ae (base 15) to base 13
-22313
16b7 (base 16) to base 13
2854
What is 462 (base 7) in base 12?
180
Convert -1022211221 (base 3) to base 5.
-1314014
566 (base 8) to base 12
272
Convert 5a00 (base 12) to base 5.
310310
3234 (base 5) to base 13
282
-11a1 (base 15) to base 4
-322213
-2011121 (base 3) to base 12
-aba
Convert -39527 (base 10) to base 4.
-21221213
What is 1e17 (base 16) in base 12?
455b
-1110 (base 5) to base 16
-9b
Convert 8b9 (base 15) to base 14.
a10
-22841 (base 9) to base 6
-154401
What is 2212011 (base 3) in base 4?
200203
What is 1998 (base 12) in base 5?
100030
-5966 (base 16) to base 11
-16216
584 (base 15) to base 14
653
-20412 (base 5) to base 7
-3646
Convert 102213 (base 5) to base 7.
13003
Convert -11101100011 (base 2) to base 14.
-991
Convert 1052 (base 8) to base 6.
2322
What is 24325 (base 7) in base 16?
18c4
What is 122012 (base 7) in base 16?
5720
What is -2b4 (base 14) in base 10?
-550
Convert 1162 (base 12) to base 8.
3632
What is 2364 (base 16) in base 15?
2a40
What is -22020220 (base 3) in base 12?
-3596
What is -110000021 (base 3) in base 10?
-8755
Convert 563 (base 11) to base 14.
362
Convert -1d9 (base 15) to base 16.
-1ad
What is -a23 (base 12) in base 16?
-5bb
What is 2100211 (base 3) in base 14?
8b1
1ed (base 16) to base 5
3433
What is 31635 (base 8) in base 6?
141101
What is 2403 (base 6) in base 11?
487
What is -429b (base 12) in base 4?
-1302113
Convert -29 (base 16) to base 3.
-1112
-12667 (base 9) to base 14
-319c
Convert 131036 (base 8) to base 15.
d79d
What is 5538 (base 9) in base 10?
4085
What is 6443 (base 8) in base 13?
16b9
Convert -20322 (base 4) to base 16.
-23a
Convert -127c (base 13) to base 4.
-221032
Convert -5ece (base 15) to base 12.
-b84b
Convert -240410 (base 7) to base 16.
-a99d
Convert 111100001110 (base 2) to base 14.
1594
Convert -2aa67 (base 12) to base 5.
-3412041
-140 (base 16) to base 3
-102212
What is -3001210 (base 4) in base 10?
-12388
-817 (base 14) to base 16
-635
Convert -1201120022 (base 3) to base 9.
-51508
Convert 1973 (base 10) to base 4.
132311
Convert -333352 (base 6) to base 13.
-c992
Convert -12102 (base 7) to base 14.
-1202
Convert 213422 (base 5) to base 3.
101002200
Convert -122213 (base 4) to base 7.
-4652
Convert 1530 (base 14) to base 15.
11b1
885 (base 10) to base 7
2403
-1400 (base 7) to base 12
-38b
361 (base 14) to base 5
10143
-100212 (base 6) to base 10
-7856
Convert -1000000011 (base 2) to base 11.
-429
-22160 (base 8) to base 9
-13714
Convert 232345 (base 6) to base 7.
112223
1267 (base 11) to base 10
1646
-196 (base 11) to base 13
-145
311 (base 11) to base 6
1423
-221102101 (base 3) to base 9
-27371
10222002 (base 3) to base 10
2891
What is -4240 (base 7) in base 14?
-790
-226a (base 11) to base 8
-5644
15 (base 9) to base 8
16
What is -1025 (base 7) in base 3?
-111102
What is 2202122012 (base 3) in base 12?
275a2
Convert -2476 (base 10) to base 7.
-10135
101110000 (base 2) to base 6
1412
-364 (base 8) to base 6
-1044
-24555 (base 8) to base 7
-42630
20e (base 15) to base 10
464
What is -23907 (base 14) in base 2?
-10101001100110011
Convert 36a8 (base 11) to base 10.
4837
-542321 (base 6) to base 8
-127111
What is 42 (base 12) in base 2?
110010
What is 221 (base 8) in base 10?
145
Convert 100011011011 (base 2) to base 14.
b7d
What is 102100 (base 7) in base 9?
26051
Convert -1002101 (base 4) to base 10.
-4241
-33322 (base 7) to base 2
-10000011001011
What is 451 (base 14) in base 3?
1011200
Convert -230302 (base 4) to base 5.
-42431
What is 10304242 (base 5) in base 10?
88072
-e08 (base 16) to base 5
-103332
What is 286 (base 12) in base 5?
3030
87 (base 16) to base 12
b3
Convert -10606 (base 11) to base 3.
-210002101
Convert -1916 (base 10) to base 4.
-131330
What is -100000000010010 (base 2) in base 5?
-1011102
What is caba (base 14) in base 12?
18350
What is -5215 (base 7) in base 12?
-1081
Convert 453 (base 15) to base 5.
12403
Convert 11101 (base 6) to base 3.
2010101
What is 5ac (base 13) in base 6?
4323
308 (base 12) to base 11
370
Convert -26013 (base 12) to base 16.
-ca8f
What is -20202 (base 4) in base 8?
-1042
What is 1631 (base 9) in base 13?
748
What is 400303 (base 6) in base 2?
111100111101111
What is -138 (base 11) in base 9?
-200
What is 112111210 (base 3) in base 7?
42561
170b (base 15) to base 2
1001101100001
-1544 (base 7) to base 12
-438
2f4d (base 16) to base 15
38c4
-201320 (base 4) to base 9
-2868
-3c (base 14) to base 7
-105
What is -2022011 (base 4) in base 9?
-13108
Convert -1021212 (base 3) to base 4.
-32231
What is -19432 (base 10) in base 15?
-5b57
11015 (base 9) to base 10
7304
What is 458 (base 9) in base 10?
377
1518 (base 14) to base 8
7242
-3364 (base 11) to base 9
-6057
Convert -8b3d (base 14) to base 2.
-101111001100011
Convert -129 (base 15) to base 7.
-525
Convert -112321 (base 4) to base 16.
-5b9
-390 (base 11) to base 16
-1ce
What is 304 (base 16) in base 6?
3324
What is 46 (base 16) in base 15?
4a
1b6 (base 13) to base 7
633
What is -1021212 (base 3) in base 10?
-941
3330 (base 7) to base 16
4ad
What is -28595 (base 11) in base 4?
-21322333
What is 3029 (base 11) in base 14?
1676
-1a57 (base 11) to base 7
-10406
Convert 6223 (base 11) to base 10.
8253
What is 5035 (base 9) in base 2?
111001011101
-239 (base 14) to base 7
-1202
What is -435 (base 6) in base 4?
-2213
Convert 1 (base 3) to base 8.
1
What is 2131144 (base 5) in base 13?
1376b
What is -3289 (base 13) in base 4?
-1232002
7672 (base 9) to base 8
13026
-232213 (base 5) to base 6
-103013
3816 (base 11) to base 13
235c
What is 3ae (base 15) in base 11?
6a3
What is -133b (base 14) in base 12?
-1b61
111110 (base 3) to base 6
1403
What is 7a00 (base 12) in base 8?
32340
Convert -39ee (base 15) to base 3.
-121222022
Convert 1011000100001110 (base 2) to base 5.
2422301
-25536 (base 10) to base 16
-63c0
Convert 2919 (base 12) to base 7.
16626
What is -34 (base 15) in base 10?
-49
What is 1582 (base 13) in base 2?
110001001100
What is 221312 (base 4) in base 8?
5166
Convert 2015 (base 9) to base 16.
5c0
1400 (base 11) to base 14
939
241 (base 9) to base 16
c7
What is -2538 (base 13) in base 15?
-1876
10110000 (base 2) to base 16
b0
cb (base 14) to base 15
be
Convert -10443 (base 5) to base 3.
-1000201
Convert -1100010011 (base 2) to base 10.
-787
-13944 (base 11) to base 5
-1113041
-13646 (base 7) to base 2
-111010101110
307 (base 10) to base 2
100110011
Convert 18312 (base 10) to base 7.
104250
What is -1692 (base 11) in base 7?
-6202
What is -1561 (base 9) in base 12?
-831
What is 20534 (base 10) in base 2?
101000000110110
-4347 (base 8) to base 4
-203213
-75612 (base 8) to base 3
-1121101100
-1110000000010 (base 2) to base 13
-3357
-17153 (base 12) to base 5
-2024124
-103332 (base 4) to base 10
-1278
Convert -470 (base 15) to base 11.
-834
3110200 (base 4) to base 12
7a54
Convert 211144 (base 7) to base 15.
abe4
Convert -6329 (base 13) to base 9.
-20738
What is -3659 (base 14) in base 3?
-111000101
What is 20304 (base 5) in base 12?
929
What is -4c50 (base 13) in base 4?
-2222001
2402 (base 6) to base 16
242
What